2, what is -3 - -52?
4b
In base 11, what is -71 - -12?
-5a
In base 8, what is -143 - -1?
-142
In base 15, what is -20 - cc?
-ec
In base 14, what is 7 - -20?
27
In base 12, what is -3 - -3?
0
In base 7, what is 0 + 463?
463
In base 5, what is 30 + -12?
13
In base 4, what is 2230 - -11?
2301
In base 8, what is 30 + 312?
342
In base 2, what is 10101111 - 100?
10101011
In base 6, what is -14 + -21?
-35
In base 11, what is 19 + 281?
29a
In base 5, what is 2 - 3423?
-3421
In base 7, what is -3 + -412?
-415
In base 8, what is -2 - 102?
-104
In base 6, what is 112 - 1?
111
In base 4, what is -1121 + -31?
-1212
In base 6, what is 3152 - 1?
3151
In base 14, what is 3 - 6c?
-69
In base 10, what is -4 + -217?
-221
In base 2, what is -100101011001100 - -100?
-100101011001000
In base 8, what is -241 - -15?
-224
In base 6, what is -5355 + -3?
-5402
In base 9, what is -15 - 41?
-56
In base 13, what is 0 + 195?
195
In base 13, what is -175 - 0?
-175
In base 4, what is -1 - -133?
132
In base 2, what is -111001 - -1?
-111000
In base 3, what is 22 - 221?
-122
In base 4, what is -10 - 11?
-21
In base 2, what is -100110101110 - -10?
-100110101100
In base 2, what is -10011001101 + 100?
-10011001001
In base 2, what is 10000001 + 10000?
10010001
In base 11, what is -2 - -1527?
1525
In base 6, what is 144 + 1?
145
In base 15, what is 0 - -87?
87
In base 10, what is -7 - -421?
414
In base 6, what is -154 - 31?
-225
In base 11, what is 2 + -420?
-419
In base 13, what is -1 + 781?
780
In base 6, what is -3 + 212?
205
In base 10, what is -160 - -119?
-41
In base 14, what is -1 + -1d?
-20
In base 3, what is 11 - 112100?
-112012
In base 12, what is -29b0 - 1?
-29b1
In base 6, what is -5 - 20?
-25
In base 9, what is 1011 + 5?
1016
In base 8, what is 1224 + 4?
1230
In base 7, what is 131 + -5?
123
In base 6, what is 0 - 142?
-142
In base 8, what is 3 + -2?
1
In base 7, what is 0 + 5366?
5366
In base 7, what is -4 - 4610?
-4614
In base 15, what is -146 - -a?
-13b
In base 6, what is -4 - -234?
230
In base 15, what is -1 + -6b?
-6c
In base 14, what is 3 - -5b?
60
In base 7, what is -165 + -31?
-226
In base 16, what is -3 - 12?
-15
In base 12, what is 2 - 18?
-16
In base 3, what is 0 + -20212?
-20212
In base 5, what is 2 + 234?
241
In base 7, what is -3 - -16?
13
In base 4, what is 3021 + 10?
3031
In base 11, what is -121a + -4?
-1223
In base 4, what is -33 + -333?
-1032
In base 4, what is 1203233 + -3?
1203230
In base 9, what is 3 + 438?
442
In base 16, what is -1b25 - 2?
-1b27
In base 7, what is -4 - 414?
-421
In base 15, what is d - -185?
193
In base 12, what is 2 + -3197?
-3195
In base 2, what is -100 - 10011?
-10111
In base 6, what is -153 + 0?
-153
In base 9, what is 41 + 23?
64
In base 8, what is -3 - 421?
-424
In base 9, what is -5373 + -4?
-5377
In base 5, what is -343 - -10?
-333
In base 16, what is 5 + 23?
28
In base 8, what is 6 + 156?
164
In base 16, what is -2f + 5?
-2a
In base 6, what is -5 - 13?
-22
In base 3, what is -22 + 1210102?
1210010
In base 5, what is 1 - 104?
-103
In base 8, what is 1 + -41?
-40
In base 16, what is -3 + 12?
f
In base 3, what is -1111 - -110?
-1001
In base 11, what is 461 + -9?
453
In base 7, what is -4 - -11232?
11225
In base 14, what is 3 - 25?
-22
In base 7, what is -2 - -2?
0
In base 10, what is -113 + -18?
-131
In base 16, what is -1 - -9be?
9bd
In base 14, what is -1 + -2d31?
-2d32
In base 11, what is -4 - 612?
-616
In base 16, what is -1f - 1?
-20
In base 12, what is -5 + -21?
-26
In base 16, what is -2bb + -2?
-2bd
In base 10, what is 1 - 1320?
-1319
In base 12, what is -15 - -1?
-14
In base 15, what is -290 + -1?
-291
In base 2, what is 111000 - -110?
111110
In base 3, what is -1120 + 12202?
11012
In base 15, what is 5 - -1209?
120e
In base 3, what is 110200 + -101?
110022
In base 6, what is -113 - -20?
-53
In base 7, what is 1162 + -52?
1110
In base 14, what is -67 + -5?
-6c
In base 7, what is 22 + 6?
31
In base 9, what is 45 - 175?
-130
In base 2, what is -101 + 10100?
1111
In base 2, what is -10 - 110100010?
-110100100
In base 3, what is -111 + 10?
-101
In base 14, what is -126 + 34?
-d2
In base 13, what is -4 - 962?
-966
In base 4, what is -2312 + -12?
-2330
In base 13, what is 475 + 1?
476
In base 16, what is -110c - 4?
-1110
In base 10, what is 7 + 223?
230
In base 16, what is b + 344?
34f
In base 6, what is 2253 - 10?
2243
In base 4, what is 303 - 13?
230
In base 4, what is -20102 + -10?
-20112
In base 3, what is -21 - -11221?
11200
In base 10, what is 81 - 7?
74
In base 6, what is -3 - 13012?
-13015
In base 8, what is -157 - 3?
-162
In base 7, what is 0 - 1100?
-1100
In base 4, what is -10032 - -23?
-10003
In base 11, what is 1 + 3?
4
In base 10, what is -4243 + -3?
-4246
In base 4, what is -30 - 32?
-122
In base 3, what is 20100122 + -10?
20100112
In base 9, what is 75687 + -1?
75686
In base 4, what is -1122 + 2?
-1120
In base 6, what is 2435 + -3?
2432
In base 3, what is 10 + 110201?
110211
In base 4, what is -1003 + 1?
-1002
In base 9, what is -7181 + 0?
-7181
In base 5, what is 0 + -100?
-100
In base 11, what is 274 - 2?
272
In base 12, what is 1 - -1058?
1059
In base 15, what is 47 - -3b?
83
In base 16, what is -29 - 7?
-30
In base 12, what is -1a44 - 5?
-1a49
In base 16, what is 2 - 4f?
-4d
In base 11, what is 1 - -133?
134
In base 8, what is 3 + 3307?
3312
In base 16, what is -9 - -26b?
262
In base 11, what is 17a1 + 5?
17a6
In base 9, what is -127 + -147?
-275
In base 10, what is -46 - 5?
-51
In base 14, what is -29 + -3?
-2c
In base 8, what is -4 + -120?
-124
In base 14, what is -27 - -15?
-12
In base 4, what is -32 + 2322?
2230
In base 15, what is 2 + 13?
15
In base 8, what is -36 - -357?
321
In base 11, what is -3 - -23?
20
In base 2, what is -1111100 - -1100?
-1110000
In base 5, what is 1142 + -21?
1121
In base 6, what is -1 - 3?
-4
In base 15, what is cb + 5?
d1
In base 8, what is 573 - 0?
573
In base 15, what is -35 - -21?
-14
In base 10, what is -256 - 1?
-257
In base 15, what is -80 + 6?
-79
In base 10, what is 5 + -814?
-809
In base 14, what is -4 + c5?
c1
In base 5, what is 103 + 0?
103
In base 2, what is 10100010 + 10100?
10110110
In base 9, what is -5 - 3?
-8
In base 4, what is 10310 - -2?
10312
In base 8, what is 4 - 26?
-22
In base 16, what is -1e0 + 2f?
-1b1
In base 12, what is 8 + -117?
-10b
In base 13, what is 5 - 12?
-a
In base 6, what is 0 - 13?
-13
In base 15, what is -85 + 5?
-80
In base 10, what is -3 - 44?
-47
In base 7, what is 1214 - -141?
1355
In base 7, what is -4 + 5564?
5560
In base 6, what is 50 + 201?
251
In base 7, what is -2 - -141?
136
In base 3, what is -12 + -2121021?
-2121110
In base 4, what is 120 - -31203?
31323
In base 13, what is 1c2 - 0?
1c2
In base 12, what is 3 - 2b?
-28
In base 7, what is 3 + 1204?
1210
In base 3, what is 12 + 101?
120
In base 3, what is 121120 + -2?
121111
In base 8, what is -7 - 11?
-20
In base 11, what is -4 - -27?
23
In base 13, what is -5 + -95?
-9a
In base 11, what is 183 - 26?
158
In base 6, what is -10 - 110?
-120
In base 12, what is 6 - 40?
-36
In base 11, what is 1 + 31a?
320
In base 16, what is 92 - -18?
aa
In base 14, what is 1 + 836?
837
In base 10, what is -5 - 65?
-70
In base 13, what is -10 + 11b?
10b
In base 10, what is -39 + -61?
-100
In base 6, what is -23252 - 2?
-23254
In base 14, what is -5 + -9d?
-a4
In base 11, what is -5a + -36?
-95
In base 12, what is -97 - -7?
-90
In base 10, what is -12 + -25?
-37
In base 8, what is 0 + -1235?
-1235
In base 8, what is -2 - -4171?
4167
In base 4, what is 1321212 - 11?
1321201
In base 14, what is -4 - -14?
10
In base 4, what is -121232 - 1?
-121233
In base 10, what is 395 + -17?
378
In base 13, what is 43 - 15?
2b
In base 11, what is 0 + 60?
60
In base 11, what is -62 - 5?
-67
In base 4, what is -202131 - -1?
-202130
In base 12, what is 0 - 60a?
-60a
In base 9, what is 0 - 0?
0
In base 3, what is -20011 + 2?
-20002
In base 2, what is -101 + -11001111?
-11010100
In base 10, what is 4 - -464?
468
In base 3, what is 11010 + -12?
10221
In base 2, what is -1111111 + -11?
-10000010
In base 15, what is 5d1 + -9?
5c7
In base 11, what is 7154 - -1?
7155
In base 5, what is 114301 - -2?
114303
In base 13, what is 10 + -3a?
-2a
In base 11, what is -2 - 8?
-a
In base 7, what is 105222 + -3?
105216
In bas